{"id":5,"date":"2014-07-29T14:00:01","date_gmt":"2014-07-29T12:00:01","guid":{"rendered":"http:\/\/akkagotland.se\/gotland\/?page_id=5"},"modified":"2025-11-11T18:16:26","modified_gmt":"2025-11-11T17:16:26","slug":"tjanster","status":"publish","type":"page","link":"https:\/\/akkahemservice.se\/gotland\/tjanster\/","title":{"rendered":"Tj\u00e4nster"},"content":{"rendered":"<p><img loading=\"lazy\" decoding=\"async\" class=\"alignnone wp-image-806 size-full\" src=\"https:\/\/akkahemservice.se\/gotland\/wp-content\/uploads\/sites\/3\/2020\/01\/LM1A9680.jpg\" alt=\"\" width=\"2000\" height=\"840\" srcset=\"https:\/\/akkahemservice.se\/gotland\/wp-content\/uploads\/sites\/3\/2020\/01\/LM1A9680.jpg 2000w, https:\/\/akkahemservice.se\/gotland\/wp-content\/uploads\/sites\/3\/2020\/01\/LM1A9680-300x126.jpg 300w, https:\/\/akkahemservice.se\/gotland\/wp-content\/uploads\/sites\/3\/2020\/01\/LM1A9680-768x323.jpg 768w, https:\/\/akkahemservice.se\/gotland\/wp-content\/uploads\/sites\/3\/2020\/01\/LM1A9680-1024x430.jpg 1024w\" sizes=\"auto, (max-width: 2000px) 100vw, 2000px\" \/><\/p>\n<p>V\u00e5r personal \u00e4r f\u00f6rs\u00e4krad och har avtalsm\u00e4ssiga l\u00f6ner, s\u00e5 du kan k\u00e4nna dig trygg n\u00e4r du anlitar oss. Vi st\u00e4dar milj\u00f6v\u00e4nligt och f\u00f6rs\u00f6ker minska v\u00e5ra koldioxidutsl\u00e4pp genom att minimera bilanv\u00e4ndande samt byta ut gamla bilar mot nya som drivs med el HVO100.<\/p>\n<div class='content-column one_half'><fieldset>\n<h2>Vardagsst\u00e4dning<\/h2>\n<p>Regelbunden st\u00e4dning.\u00a0I samband med vardagsst\u00e4dning s\u00e5 kan vi \u00e4ven hj\u00e4lpa till med tv\u00e4tt &amp; strykning.\u00a0I v\u00e5r hemst\u00e4dning s\u00e5 erbjuder vi bland annat vardagsst\u00e4dning varje, varannan, var tredje, eller var fj\u00e4rde vecka.<\/p>\n<p><a title=\"Vardagsst\u00e4dning\" href=\"https:\/\/akkahemservice.se\/gotland\/tjanster\/vardagsstadning\/\">\u00bb\u00a0L\u00e4s mer om vardagsst\u00e4dning<\/a><\/fieldset><\/div><div class='content-column one_half last_column'><fieldset>\n<h2>Storst\u00e4dning<\/h2>\n<p>En genomg\u00e5ende grundst\u00e4dning d\u00e4r vi g\u00e5r igenom hela huset\/l\u00e4genheten fr\u00e5n golv till tak. Vi kan samtidigt fr\u00e4scha upp och styla din bostad inf\u00f6r en\u00a0f\u00f6rs\u00e4ljning.<\/p>\n<p><a title=\"Storst\u00e4dning\" href=\"https:\/\/akkahemservice.se\/gotland\/tjanster\/storstadning\/\">\u00bb L\u00e4s mer om storst\u00e4dning<\/a><\/fieldset><\/div><div class='clear_column'><\/div><div class='content-column one_half'><fieldset>\n<h2>Visningsst\u00e4dning<\/h2>\n<p>Inf\u00f6r en visning vill man fr\u00e4scha upp bostaden. Det \u00e4r en blandning mellan vardagsst\u00e4dning och storst\u00e4dning och kan inkludera f\u00f6nsterputs. Vi kan ocks\u00e5 styla bostaden inf\u00f6r visningen.<\/p>\n<p><a href=\"https:\/\/akkahemservice.se\/gotland\/tjanster\/visningsstadning\/\">\u00bb L\u00e4s mer om\u00a0visningsst\u00e4dning<\/a><\/fieldset><\/div><div class='content-column one_half last_column'><fieldset>\n<h2>F\u00f6nsterputs<\/h2>\n<p>Vi kan putsa f\u00f6nster av alla de slag, h\u00f6ga och l\u00e5ga, smala och breda. V\u00e4lkommen med din f\u00f6rfr\u00e5gan.<\/p>\n<p><a title=\"F\u00f6nsterputs\" href=\"https:\/\/akkahemservice.se\/gotland\/tjanster\/fonsterputs\/\">\u00bb L\u00e4s mer om f\u00f6nsterputs<\/a><\/fieldset><\/div><div class='clear_column'><\/div><div class='content-column one_half'><fieldset>\n<h2>R\u00f6jning<\/h2>\n<p>Vi hj\u00e4lper dig att r\u00f6ja vind och\u00a0k\u00e4llare.\u00a0\u00c4r tr\u00e4dg\u00e5rden igenv\u00e4xt? Vi hj\u00e4lper dig!<\/p>\n<p><a title=\"R\u00f6jning\" href=\"https:\/\/akkahemservice.se\/gotland\/tjanster\/rojning\/\">\u00bb L\u00e4s mer om r\u00f6jning<\/a><\/fieldset><\/div><div class='content-column one_half last_column'><fieldset>\n<h2>Flytthj\u00e4lp<\/h2>\n<p>Hj\u00e4lp med packning och transport i samband med flytt inom Gotland. Vi k\u00f6r ocks\u00e5 till \u00e5tervinningen med skr\u00e4p och gamla m\u00f6bler.<\/p>\n<p><a title=\"Flyttst\u00e4dning\" href=\"https:\/\/akkahemservice.se\/gotland\/tjanster\/flytthjalp\">\u00bb L\u00e4s mer om flytthj\u00e4lp<\/a><\/fieldset><\/div><div class='clear_column'><\/div><div class='content-column one_half'><fieldset>\n<h2>Flyttst\u00e4dning<\/h2>\n<p>Vi utf\u00f6r grovst\u00e4dning i form av f\u00f6nsterputs, reng\u00f6ring av spis, kyl&amp;frys, avfrostning etc. Vi f\u00f6ljer M\u00e4klarsamfundets riktlinjer g\u00e4llande flyttst\u00e4dning och givetvis g\u00e4ller n\u00f6jdkundgaranti.<\/p>\n<p><a href=\"https:\/\/akkahemservice.se\/gotland\/tjanster\/flyttstadning\/\">\u00bb L\u00e4s mer om flyttst\u00e4dning<\/a><\/fieldset><\/div><div class='content-column one_half last_column'><fieldset>\n<h2>Tillsyn vid uthyrning<\/h2>\n<p>Vi hj\u00e4lper m\u00e5nga uthyrare att st\u00e4da deras objekt f\u00f6re, mellan och efter uthyrning. vi \u00a0kan \u00e4ven hj\u00e4lpa till med nyckelservice och underh\u00e5ll.<\/p>\n<p><a title=\"Tillsyn vid uthyrning\" href=\"https:\/\/akkahemservice.se\/gotland\/tjanster\/tillsyn-vid-uthyrning\/\">\u00bb L\u00e4s mer om tillsyn vid uthyrning<\/a><\/fieldset><\/div><div class='clear_column'><\/div><div class='content-column one_half'><fieldset>\n<h2>Stugservice<\/h2>\n<p>Med stugservice s\u00e5 kan vi ta p\u00e5 oss enklare renoveringar, tillsyn, slutst\u00e4d, h\u00f6stst\u00e4dning, avst\u00e4ngning av\u00a0vatten inf\u00f6r vintern m.m.<\/p>\n<p><a title=\"Stugservice\" href=\"https:\/\/akkahemservice.se\/gotland\/tjanster\/stugservice\/\">\u00bb L\u00e4s mer om stugservice<\/a><\/fieldset><\/div><div class='content-column one_half last_column'><\/div><div class='clear_column'><\/div><\/p>\n<h1>F\u00f6retag och f\u00f6reningar<\/h1>\n<div class='content-column one_half'><fieldset>\n<h2>St\u00e4dning och vaktm\u00e4steri<\/h2>\n<p>Till mindre f\u00f6retag erbjuder vi vardagsst\u00e4dning, f\u00f6nsterputs, ansvar f\u00f6r ink\u00f6p av f\u00f6rbrukningsmaterial (s\u00e5 att det t.ex. alltid finns toapapper och tv\u00e5l), sopt\u00f6mning, byta gl\u00f6dlampor med mera.<\/p>\n<p><a title=\"St\u00e4dning och vaktm\u00e4steri\" href=\"https:\/\/akkahemservice.se\/gotland\/tjanster\/stadning-och-vaktmasteri\/\">\u00bb L\u00e4s mer om st\u00e4dning och vaktm\u00e4steri<\/a><\/fieldset><\/div><div class='content-column one_half last_column'><fieldset>\n<h2>Trappst\u00e4dning<\/h2>\n<p>Vi utf\u00f6r trappst\u00e4dning \u00e5t m\u00e5nga bostadsr\u00e4ttsf\u00f6reningar\u00a0och\u00a0hyresfastigheter. D\u00e5\u00a0st\u00e4dar vi\u00a0entr\u00e9n, trapporna, putsar f\u00f6nster\u00a0och ser till att\u00a0tv\u00e4ttstugan och\u00a0allm\u00e4nutrymmena ser fr\u00e4scha ut.<\/p>\n<p><a title=\"Trappst\u00e4dning\" href=\"https:\/\/akkahemservice.se\/gotland\/tjanster\/trappstadning\/\">\u00bb L\u00e4s mer om trappst\u00e4dning<\/a><\/fieldset><\/div><div class='clear_column'><\/div><\/p>\n<h1>Avtalsvillkor<\/h1>\n<p><a href=\"https:\/\/akkahemservice.se\/gotland\/villkor\/\" target=\"_blank\" rel=\"noopener\">\u00bb Se villkor f\u00f6r v\u00e5ra tj\u00e4nster h\u00e4r.<\/a><\/p>\n<div>\n<h2>Har du n\u00e5got annat \u00f6nskem\u00e5l?<\/h2>\n<\/div>\n<p>Vi \u00e4r v\u00e4ldigt flexibla. Kontakta oss och g\u00f6r en f\u00f6rfr\u00e5gan\u00a0s\u00e5 kan vi s\u00e4kert l\u00f6sa dina behov!<\/p>\n","protected":false},"excerpt":{"rendered":"<p>V\u00e5r personal \u00e4r f\u00f6rs\u00e4krad och har avtalsm\u00e4ssiga l\u00f6ner, s\u00e5 du kan k\u00e4nna dig trygg n\u00e4r du anlitar oss. Vi st\u00e4dar milj\u00f6v\u00e4nligt och f\u00f6rs\u00f6ker minska v\u00e5ra koldioxidutsl\u00e4pp genom att minimera bilanv\u00e4ndande samt byta ut gamla bilar mot nya som drivs med el HVO100. F\u00f6retag och f\u00f6reningar Avtalsvillkor \u00bb Se villkor f\u00f6r v\u00e5ra tj\u00e4nster h\u00e4r. Har du [&hellip;]<\/p>\n","protected":false},"author":1,"featured_media":0,"parent":0,"menu_order":0,"comment_status":"closed","ping_status":"open","template":"","meta":{"footnotes":""},"class_list":["post-5","page","type-page","status-publish","hentry"],"yoast_head":"<!-- This site is optimized with the Yoast SEO plugin v27.5 - https:\/\/yoast.com\/product\/yoast-seo-wordpress\/ -->\n<title>Tj\u00e4nster - Akka Hemservice Gotland<\/title>\n<meta name=\"robots\" content=\"index, follow, max-snippet:-1, max-image-preview:large, max-video-preview:-1\" \/>\n<link rel=\"canonical\" href=\"https:\/\/akkahemservice.se\/gotland\/tjanster\/\" \/>\n<meta property=\"og:locale\" content=\"sv_SE\" \/>\n<meta property=\"og:type\" content=\"article\" \/>\n<meta property=\"og:title\" content=\"Tj\u00e4nster - Akka Hemservice Gotland\" \/>\n<meta property=\"og:description\" content=\"V\u00e5r personal \u00e4r f\u00f6rs\u00e4krad och har avtalsm\u00e4ssiga l\u00f6ner, s\u00e5 du kan k\u00e4nna dig trygg n\u00e4r du anlitar oss. Vi st\u00e4dar milj\u00f6v\u00e4nligt och f\u00f6rs\u00f6ker minska v\u00e5ra koldioxidutsl\u00e4pp genom att minimera bilanv\u00e4ndande samt byta ut gamla bilar mot nya som drivs med el HVO100. F\u00f6retag och f\u00f6reningar Avtalsvillkor \u00bb Se villkor f\u00f6r v\u00e5ra tj\u00e4nster h\u00e4r. Har du [&hellip;]\" \/>\n<meta property=\"og:url\" content=\"https:\/\/akkahemservice.se\/gotland\/tjanster\/\" \/>\n<meta property=\"og:site_name\" content=\"Akka Hemservice Gotland\" \/>\n<meta property=\"article:modified_time\" content=\"2025-11-11T17:16:26+00:00\" \/>\n<meta property=\"og:image\" content=\"https:\/\/akkahemservice.se\/gotland\/wp-content\/uploads\/sites\/3\/2020\/01\/LM1A9680.jpg\" \/>\n\t<meta property=\"og:image:width\" content=\"2000\" \/>\n\t<meta property=\"og:image:height\" content=\"840\" \/>\n\t<meta property=\"og:image:type\" content=\"image\/jpeg\" \/>\n<meta name=\"twitter:label1\" content=\"Ber\u00e4knad l\u00e4stid\" \/>\n\t<meta name=\"twitter:data1\" content=\"3 minuter\" \/>\n<script type=\"application\/ld+json\" class=\"yoast-schema-graph\">{\"@context\":\"https:\\\/\\\/schema.org\",\"@graph\":[{\"@type\":\"WebPage\",\"@id\":\"https:\\\/\\\/akkahemservice.se\\\/gotland\\\/tjanster\\\/\",\"url\":\"https:\\\/\\\/akkahemservice.se\\\/gotland\\\/tjanster\\\/\",\"name\":\"Tj\u00e4nster - Akka Hemservice Gotland\",\"isPartOf\":{\"@id\":\"https:\\\/\\\/akkahemservice.se\\\/gotland\\\/#website\"},\"primaryImageOfPage\":{\"@id\":\"https:\\\/\\\/akkahemservice.se\\\/gotland\\\/tjanster\\\/#primaryimage\"},\"image\":{\"@id\":\"https:\\\/\\\/akkahemservice.se\\\/gotland\\\/tjanster\\\/#primaryimage\"},\"thumbnailUrl\":\"https:\\\/\\\/akkahemservice.se\\\/gotland\\\/wp-content\\\/uploads\\\/sites\\\/3\\\/2020\\\/01\\\/LM1A9680.jpg\",\"datePublished\":\"2014-07-29T12:00:01+00:00\",\"dateModified\":\"2025-11-11T17:16:26+00:00\",\"breadcrumb\":{\"@id\":\"https:\\\/\\\/akkahemservice.se\\\/gotland\\\/tjanster\\\/#breadcrumb\"},\"inLanguage\":\"sv-SE\",\"potentialAction\":[{\"@type\":\"ReadAction\",\"target\":[\"https:\\\/\\\/akkahemservice.se\\\/gotland\\\/tjanster\\\/\"]}]},{\"@type\":\"ImageObject\",\"inLanguage\":\"sv-SE\",\"@id\":\"https:\\\/\\\/akkahemservice.se\\\/gotland\\\/tjanster\\\/#primaryimage\",\"url\":\"https:\\\/\\\/akkahemservice.se\\\/gotland\\\/wp-content\\\/uploads\\\/sites\\\/3\\\/2020\\\/01\\\/LM1A9680.jpg\",\"contentUrl\":\"https:\\\/\\\/akkahemservice.se\\\/gotland\\\/wp-content\\\/uploads\\\/sites\\\/3\\\/2020\\\/01\\\/LM1A9680.jpg\",\"width\":2000,\"height\":840},{\"@type\":\"BreadcrumbList\",\"@id\":\"https:\\\/\\\/akkahemservice.se\\\/gotland\\\/tjanster\\\/#breadcrumb\",\"itemListElement\":[{\"@type\":\"ListItem\",\"position\":1,\"name\":\"Hem\",\"item\":\"https:\\\/\\\/akkahemservice.se\\\/gotland\\\/\"},{\"@type\":\"ListItem\",\"position\":2,\"name\":\"Tj\u00e4nster\"}]},{\"@type\":\"WebSite\",\"@id\":\"https:\\\/\\\/akkahemservice.se\\\/gotland\\\/#website\",\"url\":\"https:\\\/\\\/akkahemservice.se\\\/gotland\\\/\",\"name\":\"Akka Hemservice Gotland\",\"description\":\"St\u00e4dning och f\u00f6nsterputs f\u00f6r privatpersoner och f\u00f6retag p\u00e5 Gotland.\",\"potentialAction\":[{\"@type\":\"SearchAction\",\"target\":{\"@type\":\"EntryPoint\",\"urlTemplate\":\"https:\\\/\\\/akkahemservice.se\\\/gotland\\\/?s={search_term_string}\"},\"query-input\":{\"@type\":\"PropertyValueSpecification\",\"valueRequired\":true,\"valueName\":\"search_term_string\"}}],\"inLanguage\":\"sv-SE\"}]}<\/script>\n<!-- \/ Yoast SEO plugin. -->","yoast_head_json":{"title":"Tj\u00e4nster - Akka Hemservice Gotland","robots":{"index":"index","follow":"follow","max-snippet":"max-snippet:-1","max-image-preview":"max-image-preview:large","max-video-preview":"max-video-preview:-1"},"canonical":"https:\/\/akkahemservice.se\/gotland\/tjanster\/","og_locale":"sv_SE","og_type":"article","og_title":"Tj\u00e4nster - Akka Hemservice Gotland","og_description":"V\u00e5r personal \u00e4r f\u00f6rs\u00e4krad och har avtalsm\u00e4ssiga l\u00f6ner, s\u00e5 du kan k\u00e4nna dig trygg n\u00e4r du anlitar oss. Vi st\u00e4dar milj\u00f6v\u00e4nligt och f\u00f6rs\u00f6ker minska v\u00e5ra koldioxidutsl\u00e4pp genom att minimera bilanv\u00e4ndande samt byta ut gamla bilar mot nya som drivs med el HVO100. F\u00f6retag och f\u00f6reningar Avtalsvillkor \u00bb Se villkor f\u00f6r v\u00e5ra tj\u00e4nster h\u00e4r. Har du [&hellip;]","og_url":"https:\/\/akkahemservice.se\/gotland\/tjanster\/","og_site_name":"Akka Hemservice Gotland","article_modified_time":"2025-11-11T17:16:26+00:00","og_image":[{"width":2000,"height":840,"url":"https:\/\/akkahemservice.se\/gotland\/wp-content\/uploads\/sites\/3\/2020\/01\/LM1A9680.jpg","type":"image\/jpeg"}],"twitter_misc":{"Ber\u00e4knad l\u00e4stid":"3 minuter"},"schema":{"@context":"https:\/\/schema.org","@graph":[{"@type":"WebPage","@id":"https:\/\/akkahemservice.se\/gotland\/tjanster\/","url":"https:\/\/akkahemservice.se\/gotland\/tjanster\/","name":"Tj\u00e4nster - Akka Hemservice Gotland","isPartOf":{"@id":"https:\/\/akkahemservice.se\/gotland\/#website"},"primaryImageOfPage":{"@id":"https:\/\/akkahemservice.se\/gotland\/tjanster\/#primaryimage"},"image":{"@id":"https:\/\/akkahemservice.se\/gotland\/tjanster\/#primaryimage"},"thumbnailUrl":"https:\/\/akkahemservice.se\/gotland\/wp-content\/uploads\/sites\/3\/2020\/01\/LM1A9680.jpg","datePublished":"2014-07-29T12:00:01+00:00","dateModified":"2025-11-11T17:16:26+00:00","breadcrumb":{"@id":"https:\/\/akkahemservice.se\/gotland\/tjanster\/#breadcrumb"},"inLanguage":"sv-SE","potentialAction":[{"@type":"ReadAction","target":["https:\/\/akkahemservice.se\/gotland\/tjanster\/"]}]},{"@type":"ImageObject","inLanguage":"sv-SE","@id":"https:\/\/akkahemservice.se\/gotland\/tjanster\/#primaryimage","url":"https:\/\/akkahemservice.se\/gotland\/wp-content\/uploads\/sites\/3\/2020\/01\/LM1A9680.jpg","contentUrl":"https:\/\/akkahemservice.se\/gotland\/wp-content\/uploads\/sites\/3\/2020\/01\/LM1A9680.jpg","width":2000,"height":840},{"@type":"BreadcrumbList","@id":"https:\/\/akkahemservice.se\/gotland\/tjanster\/#breadcrumb","itemListElement":[{"@type":"ListItem","position":1,"name":"Hem","item":"https:\/\/akkahemservice.se\/gotland\/"},{"@type":"ListItem","position":2,"name":"Tj\u00e4nster"}]},{"@type":"WebSite","@id":"https:\/\/akkahemservice.se\/gotland\/#website","url":"https:\/\/akkahemservice.se\/gotland\/","name":"Akka Hemservice Gotland","description":"St\u00e4dning och f\u00f6nsterputs f\u00f6r privatpersoner och f\u00f6retag p\u00e5 Gotland.","potentialAction":[{"@type":"SearchAction","target":{"@type":"EntryPoint","urlTemplate":"https:\/\/akkahemservice.se\/gotland\/?s={search_term_string}"},"query-input":{"@type":"PropertyValueSpecification","valueRequired":true,"valueName":"search_term_string"}}],"inLanguage":"sv-SE"}]}},"_links":{"self":[{"href":"https:\/\/akkahemservice.se\/gotland\/wp-json\/wp\/v2\/pages\/5","targetHints":{"allow":["GET"]}}],"collection":[{"href":"https:\/\/akkahemservice.se\/gotland\/wp-json\/wp\/v2\/pages"}],"about":[{"href":"https:\/\/akkahemservice.se\/gotland\/wp-json\/wp\/v2\/types\/page"}],"author":[{"embeddable":true,"href":"https:\/\/akkahemservice.se\/gotland\/wp-json\/wp\/v2\/users\/1"}],"replies":[{"embeddable":true,"href":"https:\/\/akkahemservice.se\/gotland\/wp-json\/wp\/v2\/comments?post=5"}],"version-history":[{"count":25,"href":"https:\/\/akkahemservice.se\/gotland\/wp-json\/wp\/v2\/pages\/5\/revisions"}],"predecessor-version":[{"id":1077,"href":"https:\/\/akkahemservice.se\/gotland\/wp-json\/wp\/v2\/pages\/5\/revisions\/1077"}],"wp:attachment":[{"href":"https:\/\/akkahemservice.se\/gotland\/wp-json\/wp\/v2\/media?parent=5"}],"curies":[{"name":"wp","href":"https:\/\/api.w.org\/{rel}","templated":true}]}}