{"id":257,"date":"2015-04-11T19:46:10","date_gmt":"2015-04-11T17:46:10","guid":{"rendered":"https:\/\/akkahemservice.se\/gotland\/?page_id=257"},"modified":"2025-11-11T18:16:15","modified_gmt":"2025-11-11T17:16:15","slug":"flyttstadning","status":"publish","type":"page","link":"https:\/\/akkahemservice.se\/gotland\/tjanster\/flyttstadning\/","title":{"rendered":"Flyttst\u00e4dning"},"content":{"rendered":"<div id=\"m2ucontainer\">\n<div class=\"row windowbox\">\n<div class=\"col-12\">\n<h1>Intresserad av st\u00e4dhj\u00e4lp?<\/h1>\n<p>Vad roligt att ni vill ha v\u00e5r hj\u00e4lp med st\u00e4dning, f\u00f6nsterputsning, tr\u00e4dg\u00e5rdsarbete m.m. Fyll i denna<br \/>\n                    intresseanm\u00e4lan s\u00e5 \u00e5terkommer vi till er s\u00e5 snart vi kan med en offert.<br \/>\n                    Vi hj\u00e4lper b\u00e5de privatpersoner, f\u00f6retag och f\u00f6reningar.\n                <\/p>\n<\/p><\/div>\n<div class=\"col-12\">\n<h3>Klicka p\u00e5 knappen f\u00f6r att starta<\/h3>\n<p>(\u00d6ppnas i nytt f\u00f6nster)<\/p>\n<p>                <button onclick=\"window.open('https:\/\/akkahemservice.se\/gotland\/intresseanmalan\/','_blank')\" style=\"font-size:20px;padding:20px 30px;\" type=\"button\">Intresseanm\u00e4lan<\/button>\n            <\/div>\n<\/p><\/div>\n<\/div>\n<\/div>\n<p>Vi utf\u00f6r grovst\u00e4dning i form av f\u00f6nsterputs, reng\u00f6ring av spis, kyl&amp;frys, avfrostning etc. Vi f\u00f6ljer M\u00e4klarsamfundets riktlinjer g\u00e4llande flyttst\u00e4dning och givetvis g\u00e4ller n\u00f6jdkundgaranti.<\/p>\n<p>V\u00e5ra checklistor g\u00e4llande flyttst\u00e4dning:<\/p>\n<h2>K\u00f6k<\/h2>\n<ul>\n<li>V\u00e4ggar<\/li>\n<li>F\u00f6nsterkarmar<\/li>\n<li>F\u00f6nsterglas<\/li>\n<li>F\u00f6nsterb\u00e4nk<\/li>\n<li>Element<\/li>\n<li>Ventil<\/li>\n<li>Belysning<\/li>\n<li>Eluttag<\/li>\n<li>Spisfl\u00e4kt, k\u00e5pa och filter<\/li>\n<li>Spis in och utv\u00e4ndigt samt under spisen<\/li>\n<li>Pl\u00e5tar och galler till spis<\/li>\n<li>Micro in och utv\u00e4ndigt<\/li>\n<li>K\u00f6kssk\u00e5p och l\u00e5dor in och utv\u00e4ndigt<\/li>\n<li>Kryddhylla<\/li>\n<li>Kakel<\/li>\n<li>Kyl ,sval och frys, frosta av och torka rent<\/li>\n<li>Dra ut kyl och frys, torka under och bakom<\/li>\n<li>D\u00f6rrkarmar<\/li>\n<li>D\u00f6rrar<\/li>\n<li>B\u00e4nkskivor och sk\u00e4rbr\u00e4da<\/li>\n<li>Diskb\u00e4nk och vask<\/li>\n<li>Golvlister<\/li>\n<li>Golv<\/li>\n<li>Tak<\/li>\n<li>Diskmaskin, dra ut och torka under<\/li>\n<\/ul>\n<h2>Bad och Tv\u00e4tt<\/h2>\n<ul>\n<li>Tak<\/li>\n<li>V\u00e4ggar<\/li>\n<li>Belysning<\/li>\n<li>Badrumssk\u00e5p<\/li>\n<li>Ventil<\/li>\n<li>Spegel<\/li>\n<li>Badkar, \u00e4ven under<\/li>\n<li>Toalett , in- och utv\u00e4ndigt<\/li>\n<li>Tv\u00e4ttst\u00e4ll( gl\u00f6m inte undersidan)<\/li>\n<li>R\u00f6r<\/li>\n<li>Avlopp<\/li>\n<li>Duschkabin (med list)<\/li>\n<li>D\u00f6rrar<\/li>\n<li>Golvbrunn<\/li>\n<li>Golv<\/li>\n<li>Under och bakom badkar<\/li>\n<li>Torksk\u00e5p<\/li>\n<li>Tv\u00e4ttmaskin, dra ut och torka under<\/li>\n<li>Torktumlare, dra ut och torka under<\/li>\n<\/ul>\n<h2>Toalett<\/h2>\n<ul>\n<li>Tak<\/li>\n<li>V\u00e4ggar<\/li>\n<li>Ventil<\/li>\n<li>Spegel<\/li>\n<li>Badkar<\/li>\n<li>Toalett , in- och utv\u00e4ndigt<\/li>\n<li>Tv\u00e4ttst\u00e4ll( gl\u00f6m inte undersidan)<\/li>\n<li>R\u00f6r<\/li>\n<li>Belysning<\/li>\n<li>D\u00f6rrar<\/li>\n<\/ul>\n<h2>Rum<\/h2>\n<ul>\n<li>F\u00f6nsterkarmar<\/li>\n<li>F\u00f6nsterglas, in och utsida och mellanglas<\/li>\n<li>F\u00f6nsterb\u00e4nk<\/li>\n<li>Persienner<\/li>\n<li>Element och \u00e4ven bakom<\/li>\n<li>Eluttag och str\u00f6mbrytare<\/li>\n<li>Garderober och st\u00e4dsk\u00e5p in och utv\u00e4ndigt<\/li>\n<li>D\u00f6rrkarmar<\/li>\n<li>D\u00f6rrar<\/li>\n<li>Golvlister<\/li>\n<li>Golv, dammsugning och v\u00e5ttorka<\/li>\n<li>Tr\u00f6sklar<\/li>\n<\/ul>\n<h2>Hall<\/h2>\n<ul>\n<li>Ytterd\u00f6rr<\/li>\n<li>D\u00f6rrkarmar<\/li>\n<li>Entr\u00e9matta<\/li>\n<li>Golvlister<\/li>\n<li>Eluttag och str\u00f6mbrytare<\/li>\n<\/ul>\n","protected":false},"excerpt":{"rendered":"<p>Intresserad av st\u00e4dhj\u00e4lp? Vad roligt att ni vill ha v\u00e5r hj\u00e4lp med st\u00e4dning, f\u00f6nsterputsning, tr\u00e4dg\u00e5rdsarbete m.m. Fyll i denna intresseanm\u00e4lan s\u00e5 \u00e5terkommer vi till er s\u00e5 snart vi kan med en offert. Vi hj\u00e4lper b\u00e5de privatpersoner, f\u00f6retag och f\u00f6reningar. Klicka p\u00e5 knappen f\u00f6r att starta (\u00d6ppnas i nytt f\u00f6nster) Intresseanm\u00e4lan Vi utf\u00f6r grovst\u00e4dning i form [&hellip;]<\/p>\n","protected":false},"author":1,"featured_media":0,"parent":5,"menu_order":0,"comment_status":"closed","ping_status":"open","template":"","meta":{"footnotes":""},"class_list":["post-257","page","type-page","status-publish","hentry"],"yoast_head":"<!-- This site is optimized with the Yoast SEO plugin v27.5 - https:\/\/yoast.com\/product\/yoast-seo-wordpress\/ -->\n<title>Flyttst\u00e4dning - Akka Hemservice Gotland<\/title>\n<meta name=\"robots\" content=\"index, follow, max-snippet:-1, max-image-preview:large, max-video-preview:-1\" \/>\n<link rel=\"canonical\" href=\"https:\/\/akkahemservice.se\/gotland\/tjanster\/flyttstadning\/\" \/>\n<meta property=\"og:locale\" content=\"sv_SE\" \/>\n<meta property=\"og:type\" content=\"article\" \/>\n<meta property=\"og:title\" content=\"Flyttst\u00e4dning - Akka Hemservice Gotland\" \/>\n<meta property=\"og:description\" content=\"Intresserad av st\u00e4dhj\u00e4lp? Vad roligt att ni vill ha v\u00e5r hj\u00e4lp med st\u00e4dning, f\u00f6nsterputsning, tr\u00e4dg\u00e5rdsarbete m.m. Fyll i denna intresseanm\u00e4lan s\u00e5 \u00e5terkommer vi till er s\u00e5 snart vi kan med en offert. Vi hj\u00e4lper b\u00e5de privatpersoner, f\u00f6retag och f\u00f6reningar. Klicka p\u00e5 knappen f\u00f6r att starta (\u00d6ppnas i nytt f\u00f6nster) Intresseanm\u00e4lan Vi utf\u00f6r grovst\u00e4dning i form [&hellip;]\" \/>\n<meta property=\"og:url\" content=\"https:\/\/akkahemservice.se\/gotland\/tjanster\/flyttstadning\/\" \/>\n<meta property=\"og:site_name\" content=\"Akka Hemservice Gotland\" \/>\n<meta property=\"article:modified_time\" content=\"2025-11-11T17:16:15+00:00\" \/>\n<meta name=\"twitter:label1\" content=\"Ber\u00e4knad l\u00e4stid\" \/>\n\t<meta name=\"twitter:data1\" content=\"2 minuter\" \/>\n<script type=\"application\/ld+json\" class=\"yoast-schema-graph\">{\"@context\":\"https:\\\/\\\/schema.org\",\"@graph\":[{\"@type\":\"WebPage\",\"@id\":\"https:\\\/\\\/akkahemservice.se\\\/gotland\\\/tjanster\\\/flyttstadning\\\/\",\"url\":\"https:\\\/\\\/akkahemservice.se\\\/gotland\\\/tjanster\\\/flyttstadning\\\/\",\"name\":\"Flyttst\u00e4dning - Akka Hemservice Gotland\",\"isPartOf\":{\"@id\":\"https:\\\/\\\/akkahemservice.se\\\/gotland\\\/#website\"},\"datePublished\":\"2015-04-11T17:46:10+00:00\",\"dateModified\":\"2025-11-11T17:16:15+00:00\",\"breadcrumb\":{\"@id\":\"https:\\\/\\\/akkahemservice.se\\\/gotland\\\/tjanster\\\/flyttstadning\\\/#breadcrumb\"},\"inLanguage\":\"sv-SE\",\"potentialAction\":[{\"@type\":\"ReadAction\",\"target\":[\"https:\\\/\\\/akkahemservice.se\\\/gotland\\\/tjanster\\\/flyttstadning\\\/\"]}]},{\"@type\":\"BreadcrumbList\",\"@id\":\"https:\\\/\\\/akkahemservice.se\\\/gotland\\\/tjanster\\\/flyttstadning\\\/#breadcrumb\",\"itemListElement\":[{\"@type\":\"ListItem\",\"position\":1,\"name\":\"Hem\",\"item\":\"https:\\\/\\\/akkahemservice.se\\\/gotland\\\/\"},{\"@type\":\"ListItem\",\"position\":2,\"name\":\"Tj\u00e4nster\",\"item\":\"https:\\\/\\\/akkahemservice.se\\\/gotland\\\/tjanster\\\/\"},{\"@type\":\"ListItem\",\"position\":3,\"name\":\"Flyttst\u00e4dning\"}]},{\"@type\":\"WebSite\",\"@id\":\"https:\\\/\\\/akkahemservice.se\\\/gotland\\\/#website\",\"url\":\"https:\\\/\\\/akkahemservice.se\\\/gotland\\\/\",\"name\":\"Akka Hemservice Gotland\",\"description\":\"St\u00e4dning och f\u00f6nsterputs f\u00f6r privatpersoner och f\u00f6retag p\u00e5 Gotland.\",\"potentialAction\":[{\"@type\":\"SearchAction\",\"target\":{\"@type\":\"EntryPoint\",\"urlTemplate\":\"https:\\\/\\\/akkahemservice.se\\\/gotland\\\/?s={search_term_string}\"},\"query-input\":{\"@type\":\"PropertyValueSpecification\",\"valueRequired\":true,\"valueName\":\"search_term_string\"}}],\"inLanguage\":\"sv-SE\"}]}<\/script>\n<!-- \/ Yoast SEO plugin. -->","yoast_head_json":{"title":"Flyttst\u00e4dning - Akka Hemservice Gotland","robots":{"index":"index","follow":"follow","max-snippet":"max-snippet:-1","max-image-preview":"max-image-preview:large","max-video-preview":"max-video-preview:-1"},"canonical":"https:\/\/akkahemservice.se\/gotland\/tjanster\/flyttstadning\/","og_locale":"sv_SE","og_type":"article","og_title":"Flyttst\u00e4dning - Akka Hemservice Gotland","og_description":"Intresserad av st\u00e4dhj\u00e4lp? Vad roligt att ni vill ha v\u00e5r hj\u00e4lp med st\u00e4dning, f\u00f6nsterputsning, tr\u00e4dg\u00e5rdsarbete m.m. Fyll i denna intresseanm\u00e4lan s\u00e5 \u00e5terkommer vi till er s\u00e5 snart vi kan med en offert. Vi hj\u00e4lper b\u00e5de privatpersoner, f\u00f6retag och f\u00f6reningar. Klicka p\u00e5 knappen f\u00f6r att starta (\u00d6ppnas i nytt f\u00f6nster) Intresseanm\u00e4lan Vi utf\u00f6r grovst\u00e4dning i form [&hellip;]","og_url":"https:\/\/akkahemservice.se\/gotland\/tjanster\/flyttstadning\/","og_site_name":"Akka Hemservice Gotland","article_modified_time":"2025-11-11T17:16:15+00:00","twitter_misc":{"Ber\u00e4knad l\u00e4stid":"2 minuter"},"schema":{"@context":"https:\/\/schema.org","@graph":[{"@type":"WebPage","@id":"https:\/\/akkahemservice.se\/gotland\/tjanster\/flyttstadning\/","url":"https:\/\/akkahemservice.se\/gotland\/tjanster\/flyttstadning\/","name":"Flyttst\u00e4dning - Akka Hemservice Gotland","isPartOf":{"@id":"https:\/\/akkahemservice.se\/gotland\/#website"},"datePublished":"2015-04-11T17:46:10+00:00","dateModified":"2025-11-11T17:16:15+00:00","breadcrumb":{"@id":"https:\/\/akkahemservice.se\/gotland\/tjanster\/flyttstadning\/#breadcrumb"},"inLanguage":"sv-SE","potentialAction":[{"@type":"ReadAction","target":["https:\/\/akkahemservice.se\/gotland\/tjanster\/flyttstadning\/"]}]},{"@type":"BreadcrumbList","@id":"https:\/\/akkahemservice.se\/gotland\/tjanster\/flyttstadning\/#breadcrumb","itemListElement":[{"@type":"ListItem","position":1,"name":"Hem","item":"https:\/\/akkahemservice.se\/gotland\/"},{"@type":"ListItem","position":2,"name":"Tj\u00e4nster","item":"https:\/\/akkahemservice.se\/gotland\/tjanster\/"},{"@type":"ListItem","position":3,"name":"Flyttst\u00e4dning"}]},{"@type":"WebSite","@id":"https:\/\/akkahemservice.se\/gotland\/#website","url":"https:\/\/akkahemservice.se\/gotland\/","name":"Akka Hemservice Gotland","description":"St\u00e4dning och f\u00f6nsterputs f\u00f6r privatpersoner och f\u00f6retag p\u00e5 Gotland.","potentialAction":[{"@type":"SearchAction","target":{"@type":"EntryPoint","urlTemplate":"https:\/\/akkahemservice.se\/gotland\/?s={search_term_string}"},"query-input":{"@type":"PropertyValueSpecification","valueRequired":true,"valueName":"search_term_string"}}],"inLanguage":"sv-SE"}]}},"_links":{"self":[{"href":"https:\/\/akkahemservice.se\/gotland\/wp-json\/wp\/v2\/pages\/257","targetHints":{"allow":["GET"]}}],"collection":[{"href":"https:\/\/akkahemservice.se\/gotland\/wp-json\/wp\/v2\/pages"}],"about":[{"href":"https:\/\/akkahemservice.se\/gotland\/wp-json\/wp\/v2\/types\/page"}],"author":[{"embeddable":true,"href":"https:\/\/akkahemservice.se\/gotland\/wp-json\/wp\/v2\/users\/1"}],"replies":[{"embeddable":true,"href":"https:\/\/akkahemservice.se\/gotland\/wp-json\/wp\/v2\/comments?post=257"}],"version-history":[{"count":7,"href":"https:\/\/akkahemservice.se\/gotland\/wp-json\/wp\/v2\/pages\/257\/revisions"}],"predecessor-version":[{"id":1052,"href":"https:\/\/akkahemservice.se\/gotland\/wp-json\/wp\/v2\/pages\/257\/revisions\/1052"}],"up":[{"embeddable":true,"href":"https:\/\/akkahemservice.se\/gotland\/wp-json\/wp\/v2\/pages\/5"}],"wp:attachment":[{"href":"https:\/\/akkahemservice.se\/gotland\/wp-json\/wp\/v2\/media?parent=257"}],"curies":[{"name":"wp","href":"https:\/\/api.w.org\/{rel}","templated":true}]}}