{"id":2,"date":"2014-07-28T14:38:05","date_gmt":"2014-07-28T14:38:05","guid":{"rendered":"http:\/\/akkagotland.se\/gotland\/?page_id=2"},"modified":"2026-05-05T12:03:44","modified_gmt":"2026-05-05T10:03:44","slug":"valkommen","status":"publish","type":"page","link":"https:\/\/akkahemservice.se\/gotland\/","title":{"rendered":"V\u00e4lkommen"},"content":{"rendered":"<p>Vi hj\u00e4lper privatpersoner, mindre f\u00f6retag och f\u00f6reningar med tj\u00e4nster s\u00e5som hemst\u00e4dning, flyttst\u00e4dning, flytthj\u00e4lp, f\u00f6nsterputs, strykning, tr\u00e4dg\u00e5rdsarbete, vindsr\u00f6jningar och mycket mer. Kom ih\u00e5g att RUT \u00e4ven omfattar omsorgstj\u00e4nster som att f\u00e5 hj\u00e4lp att g\u00e5 och handla och ta en promenad.<\/p>\n<div id=\"reco--badge-yearsInRowBadge\"><\/div>\n<p><script src=\"https:\/\/widget.reco.se\/yearsInRowBadge\/4029389.js\"><\/script><br \/>\n<iframe loading=\"lazy\" style=\"border: 0; display: block;\" src=\"https:\/\/widget.reco.se\/v2\/widget\/4029389?mode=HORIZONTAL_QUOTE\" width=\"100%\" height=\"225\" scrolling=\"no\" data-reactroot=\"\"><\/iframe><\/p>\n<div id=\"m2ucontainer\">\n<div id=\"intresseanmalan\" class=\"row windowbox\">\n<div class=\"col-12\">\n<h1>Intresserad av st\u00e4dhj\u00e4lp?<\/h1>\n<p>Vad roligt att ni vill ha v\u00e5r hj\u00e4lp med st\u00e4dning, f\u00f6nsterputsning, tr\u00e4dg\u00e5rdsarbete m.m. Fyll i denna<br \/>\nintresseanm\u00e4lan s\u00e5 \u00e5terkommer vi till er s\u00e5 snart vi kan med en offert.<br \/>\nVi hj\u00e4lper b\u00e5de privatpersoner, f\u00f6retag och f\u00f6reningar.<\/p>\n<\/div>\n<div class=\"col-12\">\n<h3 style=\"color: #c8c8c8;\">Klicka p\u00e5 knappen f\u00f6r att starta<\/h3>\n<p><a href=\"\/gotland\/intresseanmalan\"><button style=\"font-size: 20px; padding: 20px 30px;\" type=\"button\">Intresseanm\u00e4lan<\/button><\/a><\/p>\n<\/div>\n<\/div>\n<\/div>\n<div id=\"metaslider-id-922\" style=\"width: 100%;\" class=\"ml-slider-3-108-0 metaslider metaslider-flex metaslider-922 ml-slider has-dots-nav ms-theme-default\" role=\"region\" aria-label=\"Nytt bildspel\" data-height=\"500\" data-width=\"1000\">\n    <div id=\"metaslider_container_922\">\n        <div id=\"metaslider_922\">\n            <ul class='slides'>\n                <li style=\"display: block; width: 100%;\" class=\"slide-1011 ms-image \" aria-roledescription=\"slide\" data-date=\"2022-12-09 12:39:48\" data-filename=\"rauk-vinter.jpg\" data-slide-type=\"image\"><img loading=\"lazy\" decoding=\"async\" width=\"1300\" height=\"650\" src=\"https:\/\/akkahemservice.se\/gotland\/wp-content\/uploads\/sites\/3\/2022\/12\/rauk-vinter.jpg\" class=\"slider-922 slide-1011 msDefaultImage\" alt=\"\" rel=\"\" title=\"rauk-vinter\" srcset=\"https:\/\/akkahemservice.se\/gotland\/wp-content\/uploads\/sites\/3\/2022\/12\/rauk-vinter.jpg 1300w, https:\/\/akkahemservice.se\/gotland\/wp-content\/uploads\/sites\/3\/2022\/12\/rauk-vinter-300x150.jpg 300w, https:\/\/akkahemservice.se\/gotland\/wp-content\/uploads\/sites\/3\/2022\/12\/rauk-vinter-1024x512.jpg 1024w, https:\/\/akkahemservice.se\/gotland\/wp-content\/uploads\/sites\/3\/2022\/12\/rauk-vinter-768x384.jpg 768w\" sizes=\"auto, (max-width: 1300px) 100vw, 1300px\" \/><\/li>\n                <li style=\"display: none; width: 100%;\" class=\"slide-1012 ms-image \" aria-roledescription=\"slide\" data-date=\"2022-12-09 12:39:53\" data-filename=\"ringmur-vinter.jpg\" data-slide-type=\"image\"><img loading=\"lazy\" decoding=\"async\" width=\"1300\" height=\"650\" src=\"https:\/\/akkahemservice.se\/gotland\/wp-content\/uploads\/sites\/3\/2022\/12\/ringmur-vinter.jpg\" class=\"slider-922 slide-1012 msDefaultImage\" alt=\"\" rel=\"\" title=\"ringmur-vinter\" srcset=\"https:\/\/akkahemservice.se\/gotland\/wp-content\/uploads\/sites\/3\/2022\/12\/ringmur-vinter.jpg 1300w, https:\/\/akkahemservice.se\/gotland\/wp-content\/uploads\/sites\/3\/2022\/12\/ringmur-vinter-300x150.jpg 300w, https:\/\/akkahemservice.se\/gotland\/wp-content\/uploads\/sites\/3\/2022\/12\/ringmur-vinter-1024x512.jpg 1024w, https:\/\/akkahemservice.se\/gotland\/wp-content\/uploads\/sites\/3\/2022\/12\/ringmur-vinter-768x384.jpg 768w\" sizes=\"auto, (max-width: 1300px) 100vw, 1300px\" \/><\/li>\n                <li style=\"display: none; width: 100%;\" class=\"slide-1013 ms-image \" aria-roledescription=\"slide\" data-date=\"2022-12-09 12:39:55\" data-filename=\"domkyrka-vinter.jpg\" data-slide-type=\"image\"><img loading=\"lazy\" decoding=\"async\" width=\"1300\" height=\"650\" src=\"https:\/\/akkahemservice.se\/gotland\/wp-content\/uploads\/sites\/3\/2022\/12\/domkyrka-vinter.jpg\" class=\"slider-922 slide-1013 msDefaultImage\" alt=\"\" rel=\"\" title=\"domkyrka-vinter\" srcset=\"https:\/\/akkahemservice.se\/gotland\/wp-content\/uploads\/sites\/3\/2022\/12\/domkyrka-vinter.jpg 1300w, https:\/\/akkahemservice.se\/gotland\/wp-content\/uploads\/sites\/3\/2022\/12\/domkyrka-vinter-300x150.jpg 300w, https:\/\/akkahemservice.se\/gotland\/wp-content\/uploads\/sites\/3\/2022\/12\/domkyrka-vinter-1024x512.jpg 1024w, https:\/\/akkahemservice.se\/gotland\/wp-content\/uploads\/sites\/3\/2022\/12\/domkyrka-vinter-768x384.jpg 768w\" sizes=\"auto, (max-width: 1300px) 100vw, 1300px\" \/><\/li>\n            <\/ul>\n        <\/div>\n        \n    <\/div>\n<\/div>\n<div class='content-column one_half'><div class=\"motto\">\n<h1>Vi lyssnar p\u00e5 kunden<\/h1>\n<p>&#8211; V\u00e5rt motto \u00e4r &#8221;som Du vill ha det&#8221;<\/p>\n<\/div><\/div>\n<div class='content-column one_half last_column'><div class=\"motto\">\n<h1>Vi levererar h\u00f6g kvalitet<\/h1>\n<p>&#8211; Inte bara f\u00f6rsta veckan utan alla veckor<\/p>\n<\/div><\/div><div class='clear_column'><\/div>\n<div class='content-column one_half'><div class=\"motto\">\n<h1>Vi v\u00e4rnar om v\u00e5r personal<\/h1>\n<p>&#8211; Vi betalar marknadsm\u00e4ssiga l\u00f6ner, vi erbjuder utbildning och vi str\u00e4var efter en god arbetsledning och ett\u00a0gott\u00a0kamratskap.<\/p>\n<\/div><\/div>\n<div class='content-column one_half last_column'><div class=\"motto\">\n<h1>Vi v\u00e4rnar om milj\u00f6n<\/h1>\n<p>&#8211; Vi anv\u00e4nder milj\u00f6v\u00e4nligt st\u00e4dmaterial och medel samt undviker on\u00f6dig bilanv\u00e4ndning.<\/p>\n<\/div><\/div><div class='clear_column'><\/div>\n<div class='content-column one_half'><div class=\"motto\">\n<h1>Vi k\u00e4nner respekt<\/h1>\n<p>&#8211; F\u00f6r kunden, personalen och arbetsuppgiften.<\/p>\n<p>Tveka inte att kontakta oss n\u00e4r du vill spara tid eller beh\u00f6ver avlastning. Vi finns p\u00e5 Gotland.<\/p>\n<p>Vi hj\u00e4lper dig s\u00e5 m\u00e5nga timmar Du vill och s\u00e5 ofta Du vill.<\/p>\n<\/div><\/div>\n<div class='content-column one_half last_column'><p><center><img decoding=\"async\" src=\"https:\/\/akkahemservice.se\/gotland\/wp-content\/uploads\/sites\/3\/2021\/03\/nojdkundgaranti-benify.png\" \/><\/center><br \/><\/div><div class='clear_column'><\/div>\n<p>&nbsp;<\/p>\n<hr \/>\n<p>&nbsp;<\/p>\n<div class='content-column one_fourth'><p><a href=\"https:\/\/branschvinnare.se\/\" target=\"_blank\" rel=\"noopener\"><img loading=\"lazy\" decoding=\"async\" class=\"alignnone wp-image-1039 size-full\" src=\"https:\/\/akkahemservice.se\/gotland\/wp-content\/uploads\/sites\/3\/2023\/04\/Branschvinnare-2023-1.png\" alt=\"\" width=\"850\" height=\"798\" srcset=\"https:\/\/akkahemservice.se\/gotland\/wp-content\/uploads\/sites\/3\/2023\/04\/Branschvinnare-2023-1.png 850w, https:\/\/akkahemservice.se\/gotland\/wp-content\/uploads\/sites\/3\/2023\/04\/Branschvinnare-2023-1-300x282.png 300w, https:\/\/akkahemservice.se\/gotland\/wp-content\/uploads\/sites\/3\/2023\/04\/Branschvinnare-2023-1-768x721.png 768w\" sizes=\"auto, (max-width: 850px) 100vw, 850px\" \/><\/a><\/p><\/div>\n<div class='content-column one_fourth'><p><a href=\"https:\/\/sverigesforetag.se\/foretag\/akka-hemservice-gotland-ab\" target=\"_blank\" rel=\"noopener\"><img loading=\"lazy\" decoding=\"async\" class=\"alignnone wp-image-1021 aligncenter\" src=\"https:\/\/akkahemservice.se\/gotland\/wp-content\/uploads\/sites\/3\/2023\/02\/seal-gold.png\" alt=\"\" width=\"462\" height=\"298\" srcset=\"https:\/\/akkahemservice.se\/gotland\/wp-content\/uploads\/sites\/3\/2023\/02\/seal-gold.png 937w, https:\/\/akkahemservice.se\/gotland\/wp-content\/uploads\/sites\/3\/2023\/02\/seal-gold-300x194.png 300w, https:\/\/akkahemservice.se\/gotland\/wp-content\/uploads\/sites\/3\/2023\/02\/seal-gold-768x496.png 768w\" sizes=\"auto, (max-width: 462px) 100vw, 462px\" \/><\/a><\/p>\n<p style=\"text-align: center;\">Vi \u00e4r stolta att ha blivit utn\u00e4mnda till L\u00e4nets F\u00f6retagare 2023!<\/p><\/div>\n<div class='content-column one_fourth'><p><img loading=\"lazy\" decoding=\"async\" class=\"aligncenter\" style=\"max-width: 350px;\" src=\"https:\/\/akkahemservice.se\/gotland\/wp-content\/uploads\/sites\/3\/2020\/11\/akka-aa.jpg\" width=\"198\" height=\"166\" \/><\/p><\/div>\n<div class='content-column one_fourth last_column'><div class=\"akka-aa\"><img loading=\"lazy\" decoding=\"async\" class=\"aligncenter\" style=\"max-width: 350px;\" src=\"https:\/\/akkahemservice.se\/wp-content\/uploads\/2020\/09\/uc-brons.png\" width=\"225\" height=\"296\" \/><\/div><\/div><div class='clear_column'><\/div>\n<div class='content-column one_fourth'><p><img decoding=\"async\" class=\"alignnone wp-image-1021 aligncenter\" style=\"max-width: 200px;\" src=\"https:\/\/akkahemservice.se\/gotland\/wp-content\/uploads\/sites\/3\/2025\/09\/Bisdata-vardecertifikat.jpg\" width=\"462\" \/><\/p>\n<p style=\"text-align: center;\">Ett f\u00f6retag att lita p\u00e5.<\/p><\/div>\n<div class='content-column one_fourth'><p><img decoding=\"async\" class=\"aligncenter\" style=\"max-width: 200px;\" src=\"https:\/\/akkahemservice.se\/gotland\/wp-content\/uploads\/sites\/3\/2025\/09\/flexbert.jpg\" width=\"400\" \/><\/p><\/div>\n<div class='content-column one_fourth'><img decoding=\"async\" class=\"aligncenter\" style=\"max-width: 200px;\" src=\"https:\/\/akkahemservice.se\/gotland\/wp-content\/uploads\/sites\/3\/2025\/09\/Tackcertifikat-fran-Aktiv-Skola.jpg\" width=\"400\" \/><br \/><\/div>\n<div class='content-column one_fourth last_column'><img decoding=\"async\" class=\"aligncenter\" style=\"max-width: 200px;\" src=\"https:\/\/akkahemservice.se\/gotland\/wp-content\/uploads\/sites\/3\/2025\/09\/flexbert-diplom.jpg\" width=\"400\" \/><br \/><\/div><div class='clear_column'><\/div>\n","protected":false},"excerpt":{"rendered":"<p>Vi hj\u00e4lper privatpersoner, mindre f\u00f6retag och f\u00f6reningar med tj\u00e4nster s\u00e5som hemst\u00e4dning, flyttst\u00e4dning, flytthj\u00e4lp, f\u00f6nsterputs, strykning, tr\u00e4dg\u00e5rdsarbete, vindsr\u00f6jningar och mycket mer. Kom ih\u00e5g att RUT \u00e4ven omfattar omsorgstj\u00e4nster som att f\u00e5 hj\u00e4lp att g\u00e5 och handla och ta en promenad. Intresserad av st\u00e4dhj\u00e4lp? Vad roligt att ni vill ha v\u00e5r hj\u00e4lp med st\u00e4dning, f\u00f6nsterputsning, tr\u00e4dg\u00e5rdsarbete m.m. [&hellip;]<\/p>\n","protected":false},"author":1,"featured_media":0,"parent":0,"menu_order":0,"comment_status":"closed","ping_status":"open","template":"","meta":{"footnotes":""},"class_list":["post-2","page","type-page","status-publish","hentry"],"yoast_head":"<!-- This site is optimized with the Yoast SEO plugin v27.5 - https:\/\/yoast.com\/product\/yoast-seo-wordpress\/ -->\n<title>St\u00e4dning Gotland | F\u00f6nsterputs - Hemst\u00e4dning Visby<\/title>\n<meta name=\"description\" content=\"St\u00e4dning - Hemst\u00e4dning - F\u00f6nsterputs p\u00e5 Gotland. Akka Hemservice erbjuder allt inom st\u00e4d p\u00e5 Gotland. Ring oss: 0498 \u2013 29 60 90\" \/>\n<meta name=\"robots\" content=\"index, follow, max-snippet:-1, max-image-preview:large, max-video-preview:-1\" \/>\n<link rel=\"canonical\" href=\"https:\/\/akkahemservice.se\/gotland\/\" \/>\n<meta property=\"og:locale\" content=\"sv_SE\" \/>\n<meta property=\"og:type\" content=\"article\" \/>\n<meta property=\"og:title\" content=\"St\u00e4dning Gotland | F\u00f6nsterputs - Hemst\u00e4dning Visby\" \/>\n<meta property=\"og:description\" content=\"St\u00e4dning - Hemst\u00e4dning - F\u00f6nsterputs p\u00e5 Gotland. Akka Hemservice erbjuder allt inom st\u00e4d p\u00e5 Gotland. Ring oss: 0498 \u2013 29 60 90\" \/>\n<meta property=\"og:url\" content=\"https:\/\/akkahemservice.se\/gotland\/\" \/>\n<meta property=\"og:site_name\" content=\"Akka Hemservice Gotland\" \/>\n<meta property=\"article:modified_time\" content=\"2026-05-05T10:03:44+00:00\" \/>\n<meta property=\"og:image\" content=\"https:\/\/akkahemservice.se\/gotland\/wp-content\/uploads\/sites\/3\/2021\/03\/nojdkundgaranti-benify.png\" \/>\n<meta name=\"twitter:label1\" content=\"Ber\u00e4knad l\u00e4stid\" \/>\n\t<meta name=\"twitter:data1\" content=\"4 minuter\" \/>\n<script type=\"application\/ld+json\" class=\"yoast-schema-graph\">{\"@context\":\"https:\\\/\\\/schema.org\",\"@graph\":[{\"@type\":\"WebPage\",\"@id\":\"https:\\\/\\\/akkahemservice.se\\\/gotland\\\/\",\"url\":\"https:\\\/\\\/akkahemservice.se\\\/gotland\\\/\",\"name\":\"St\u00e4dning Gotland | F\u00f6nsterputs - Hemst\u00e4dning Visby\",\"isPartOf\":{\"@id\":\"https:\\\/\\\/akkahemservice.se\\\/gotland\\\/#website\"},\"primaryImageOfPage\":{\"@id\":\"https:\\\/\\\/akkahemservice.se\\\/gotland\\\/#primaryimage\"},\"image\":{\"@id\":\"https:\\\/\\\/akkahemservice.se\\\/gotland\\\/#primaryimage\"},\"thumbnailUrl\":\"https:\\\/\\\/akkahemservice.se\\\/gotland\\\/wp-content\\\/uploads\\\/sites\\\/3\\\/2021\\\/03\\\/nojdkundgaranti-benify.png\",\"datePublished\":\"2014-07-28T14:38:05+00:00\",\"dateModified\":\"2026-05-05T10:03:44+00:00\",\"description\":\"St\u00e4dning - Hemst\u00e4dning - F\u00f6nsterputs p\u00e5 Gotland. Akka Hemservice erbjuder allt inom st\u00e4d p\u00e5 Gotland. Ring oss: 0498 \u2013 29 60 90\",\"breadcrumb\":{\"@id\":\"https:\\\/\\\/akkahemservice.se\\\/gotland\\\/#breadcrumb\"},\"inLanguage\":\"sv-SE\",\"potentialAction\":[{\"@type\":\"ReadAction\",\"target\":[\"https:\\\/\\\/akkahemservice.se\\\/gotland\\\/\"]}]},{\"@type\":\"ImageObject\",\"inLanguage\":\"sv-SE\",\"@id\":\"https:\\\/\\\/akkahemservice.se\\\/gotland\\\/#primaryimage\",\"url\":\"https:\\\/\\\/akkahemservice.se\\\/gotland\\\/wp-content\\\/uploads\\\/sites\\\/3\\\/2021\\\/03\\\/nojdkundgaranti-benify.png\",\"contentUrl\":\"https:\\\/\\\/akkahemservice.se\\\/gotland\\\/wp-content\\\/uploads\\\/sites\\\/3\\\/2021\\\/03\\\/nojdkundgaranti-benify.png\",\"width\":422,\"height\":208},{\"@type\":\"BreadcrumbList\",\"@id\":\"https:\\\/\\\/akkahemservice.se\\\/gotland\\\/#breadcrumb\",\"itemListElement\":[{\"@type\":\"ListItem\",\"position\":1,\"name\":\"Hem\",\"item\":\"https:\\\/\\\/akkahemservice.se\\\/gotland\\\/\"},{\"@type\":\"ListItem\",\"position\":2,\"name\":\"V\u00e4lkommen\"}]},{\"@type\":\"WebSite\",\"@id\":\"https:\\\/\\\/akkahemservice.se\\\/gotland\\\/#website\",\"url\":\"https:\\\/\\\/akkahemservice.se\\\/gotland\\\/\",\"name\":\"Akka Hemservice Gotland\",\"description\":\"St\u00e4dning och f\u00f6nsterputs f\u00f6r privatpersoner och f\u00f6retag p\u00e5 Gotland.\",\"potentialAction\":[{\"@type\":\"SearchAction\",\"target\":{\"@type\":\"EntryPoint\",\"urlTemplate\":\"https:\\\/\\\/akkahemservice.se\\\/gotland\\\/?s={search_term_string}\"},\"query-input\":{\"@type\":\"PropertyValueSpecification\",\"valueRequired\":true,\"valueName\":\"search_term_string\"}}],\"inLanguage\":\"sv-SE\"}]}<\/script>\n<!-- \/ Yoast SEO plugin. -->","yoast_head_json":{"title":"St\u00e4dning Gotland | F\u00f6nsterputs - Hemst\u00e4dning Visby","description":"St\u00e4dning - Hemst\u00e4dning - F\u00f6nsterputs p\u00e5 Gotland. Akka Hemservice erbjuder allt inom st\u00e4d p\u00e5 Gotland. Ring oss: 0498 \u2013 29 60 90","robots":{"index":"index","follow":"follow","max-snippet":"max-snippet:-1","max-image-preview":"max-image-preview:large","max-video-preview":"max-video-preview:-1"},"canonical":"https:\/\/akkahemservice.se\/gotland\/","og_locale":"sv_SE","og_type":"article","og_title":"St\u00e4dning Gotland | F\u00f6nsterputs - Hemst\u00e4dning Visby","og_description":"St\u00e4dning - Hemst\u00e4dning - F\u00f6nsterputs p\u00e5 Gotland. Akka Hemservice erbjuder allt inom st\u00e4d p\u00e5 Gotland. Ring oss: 0498 \u2013 29 60 90","og_url":"https:\/\/akkahemservice.se\/gotland\/","og_site_name":"Akka Hemservice Gotland","article_modified_time":"2026-05-05T10:03:44+00:00","og_image":[{"url":"https:\/\/akkahemservice.se\/gotland\/wp-content\/uploads\/sites\/3\/2021\/03\/nojdkundgaranti-benify.png","type":"","width":"","height":""}],"twitter_misc":{"Ber\u00e4knad l\u00e4stid":"4 minuter"},"schema":{"@context":"https:\/\/schema.org","@graph":[{"@type":"WebPage","@id":"https:\/\/akkahemservice.se\/gotland\/","url":"https:\/\/akkahemservice.se\/gotland\/","name":"St\u00e4dning Gotland | F\u00f6nsterputs - Hemst\u00e4dning Visby","isPartOf":{"@id":"https:\/\/akkahemservice.se\/gotland\/#website"},"primaryImageOfPage":{"@id":"https:\/\/akkahemservice.se\/gotland\/#primaryimage"},"image":{"@id":"https:\/\/akkahemservice.se\/gotland\/#primaryimage"},"thumbnailUrl":"https:\/\/akkahemservice.se\/gotland\/wp-content\/uploads\/sites\/3\/2021\/03\/nojdkundgaranti-benify.png","datePublished":"2014-07-28T14:38:05+00:00","dateModified":"2026-05-05T10:03:44+00:00","description":"St\u00e4dning - Hemst\u00e4dning - F\u00f6nsterputs p\u00e5 Gotland. Akka Hemservice erbjuder allt inom st\u00e4d p\u00e5 Gotland. Ring oss: 0498 \u2013 29 60 90","breadcrumb":{"@id":"https:\/\/akkahemservice.se\/gotland\/#breadcrumb"},"inLanguage":"sv-SE","potentialAction":[{"@type":"ReadAction","target":["https:\/\/akkahemservice.se\/gotland\/"]}]},{"@type":"ImageObject","inLanguage":"sv-SE","@id":"https:\/\/akkahemservice.se\/gotland\/#primaryimage","url":"https:\/\/akkahemservice.se\/gotland\/wp-content\/uploads\/sites\/3\/2021\/03\/nojdkundgaranti-benify.png","contentUrl":"https:\/\/akkahemservice.se\/gotland\/wp-content\/uploads\/sites\/3\/2021\/03\/nojdkundgaranti-benify.png","width":422,"height":208},{"@type":"BreadcrumbList","@id":"https:\/\/akkahemservice.se\/gotland\/#breadcrumb","itemListElement":[{"@type":"ListItem","position":1,"name":"Hem","item":"https:\/\/akkahemservice.se\/gotland\/"},{"@type":"ListItem","position":2,"name":"V\u00e4lkommen"}]},{"@type":"WebSite","@id":"https:\/\/akkahemservice.se\/gotland\/#website","url":"https:\/\/akkahemservice.se\/gotland\/","name":"Akka Hemservice Gotland","description":"St\u00e4dning och f\u00f6nsterputs f\u00f6r privatpersoner och f\u00f6retag p\u00e5 Gotland.","potentialAction":[{"@type":"SearchAction","target":{"@type":"EntryPoint","urlTemplate":"https:\/\/akkahemservice.se\/gotland\/?s={search_term_string}"},"query-input":{"@type":"PropertyValueSpecification","valueRequired":true,"valueName":"search_term_string"}}],"inLanguage":"sv-SE"}]}},"_links":{"self":[{"href":"https:\/\/akkahemservice.se\/gotland\/wp-json\/wp\/v2\/pages\/2","targetHints":{"allow":["GET"]}}],"collection":[{"href":"https:\/\/akkahemservice.se\/gotland\/wp-json\/wp\/v2\/pages"}],"about":[{"href":"https:\/\/akkahemservice.se\/gotland\/wp-json\/wp\/v2\/types\/page"}],"author":[{"embeddable":true,"href":"https:\/\/akkahemservice.se\/gotland\/wp-json\/wp\/v2\/users\/1"}],"replies":[{"embeddable":true,"href":"https:\/\/akkahemservice.se\/gotland\/wp-json\/wp\/v2\/comments?post=2"}],"version-history":[{"count":114,"href":"https:\/\/akkahemservice.se\/gotland\/wp-json\/wp\/v2\/pages\/2\/revisions"}],"predecessor-version":[{"id":1140,"href":"https:\/\/akkahemservice.se\/gotland\/wp-json\/wp\/v2\/pages\/2\/revisions\/1140"}],"wp:attachment":[{"href":"https:\/\/akkahemservice.se\/gotland\/wp-json\/wp\/v2\/media?parent=2"}],"curies":[{"name":"wp","href":"https:\/\/api.w.org\/{rel}","templated":true}]}}